 1814048.
2, 83, 683
List the prime factors of 792847.
11, 72077
List the prime factors of 15933084.
2, 3, 1019, 1303
List the prime factors of 30788196.
2, 3, 47, 79, 691
What are the prime factors of 18891?
3, 2099
What are the prime factors of 1302025?
5, 52081
List the prime factors of 19228132.
2, 7, 11, 163, 383
List the prime factors of 81230.
2, 5, 8123
What are the prime factors of 420549?
3, 103, 1361
What are the prime factors of 233645?
5, 83, 563
List the prime factors of 12082310.
2, 5, 83, 14557
What are the prime factors of 771987?
3, 17, 15137
What are the prime factors of 2881934?
2, 11, 101, 1297
What are the prime factors of 11114234?
2, 5557117
List the prime factors of 485132.
2, 121283
List the prime factors of 2551192.
2, 7, 45557
What are the prime factors of 1133191?
1133191
What are the prime factors of 2680968?
2, 3, 17, 6571
List the prime factors of 2465205.
3, 5, 149, 1103
List the prime factors of 2819190.
2, 3, 5, 11, 8543
List the prime factors of 14479992.
2, 3, 43, 1559
List the prime factors of 5792001.
3, 1930667
List the prime factors of 1299119.
853, 1523
List the prime factors of 15633128.
2, 7, 107, 2609
What are the prime factors of 359118?
2, 3, 71, 281
What are the prime factors of 15965319?
3, 73, 72901
What are the prime factors of 19853630?
2, 5, 1985363
List the prime factors of 2603713.
7, 7591
What are the prime factors of 1557875?
5, 11, 103
What are the prime factors of 322906?
2, 161453
What are the prime factors of 266152?
2, 17, 19, 103
What are the prime factors of 15984917?
13, 569, 2161
List the prime factors of 1267900.
2, 5, 31, 409
List the prime factors of 6015311.
6015311
What are the prime factors of 134552?
2, 11, 139
What are the prime factors of 11394728?
2, 1424341
What are the prime factors of 12369933?
3, 1374437
What are the prime factors of 2140596?
2, 3, 97, 613
List the prime factors of 1198770.
2, 3, 5, 31, 1289
What are the prime factors of 5901375?
3, 5, 15737
List the prime factors of 213442.
2, 106721
What are the prime factors of 72822?
2, 3, 53, 229
What are the prime factors of 9487252?
2, 163, 14551
What are the prime factors of 2052242?
2, 37, 27733
What are the prime factors of 159304?
2, 19913
What are the prime factors of 2250545?
5, 11, 17, 29, 83
What are the prime factors of 689561?
689561
List the prime factors of 8058.
2, 3, 17, 79
What are the prime factors of 1839640?
2, 5, 11, 37, 113
List the prime factors of 2043513.
3, 47, 4831
What are the prime factors of 973317?
3, 324439
What are the prime factors of 7289757?
3, 131, 229
List the prime factors of 565052.
2, 141263
What are the prime factors of 806354?
2, 193, 2089
List the prime factors of 239126.
2, 119563
What are the prime factors of 28690?
2, 5, 19, 151
What are the prime factors of 1012229?
1012229
What are the prime factors of 206986?
2, 13, 19, 419
List the prime factors of 20488201.
20488201
List the prime factors of 517520.
2, 5, 6469
List the prime factors of 141208.
2, 19, 929
List the prime factors of 1359008.
2, 7, 6067
List the prime factors of 1908510.
2, 3, 5, 63617
What are the prime factors of 29799982?
2, 14899991
What are the prime factors of 180500?
2, 5, 19
List the prime factors of 7100306.
2, 107, 33179
List the prime factors of 10646009.
11, 967819
What are the prime factors of 26832994?
2, 13416497
List the prime factors of 12312802.
2, 239, 25759
List the prime factors of 319563.
3, 35507
List the prime factors of 13416730.
2, 5, 107, 12539
List the prime factors of 7917631.
17, 465743
What are the prime factors of 249737?
249737
List the prime factors of 1091374.
2, 191, 2857
What are the prime factors of 5506537?
43, 79, 1621
What are the prime factors of 11982803?
7, 244547
List the prime factors of 883189.
271, 3259
List the prime factors of 251392.
2, 491
List the prime factors of 114161.
114161
List the prime factors of 2714143.
31, 87553
What are the prime factors of 595476?
2, 3, 7, 17, 139
List the prime factors of 1088144.
2, 47, 1447
List the prime factors of 22955047.
22955047
List the prime factors of 812478.
2, 3, 19, 7127
What are the prime factors of 735778?
2, 367889
List the prime factors of 105049.
7, 43, 349
What are the prime factors of 65528?
2, 8191
What are the prime factors of 22596850?
2, 5, 451937
What are the prime factors of 2240244?
2, 3, 20743
What are the prime factors of 6054600?
2, 3, 5, 10091
List the prime factors of 289142.
2, 7, 19, 1087
List the prime factors of 10702306.
2, 5351153
What are the prime factors of 10055003?
7, 1436429
What are the prime factors of 4087908?
2, 3, 11, 31, 37
What are the prime factors of 150754?
2, 75377
What are the prime factors of 383406?
2, 3, 63901
List the prime factors of 1060892.
2, 7, 37889
What are the prime factors of 1305829?
7, 101, 1847
What are the prime factors of 342903?
3, 11, 10391
List the prime factors of 250143.
3, 199, 419
What are the prime factors of 5754713?
103, 55871
What are the prime factors of 207848?
2, 25981
What are the prime factors of 12487209?
3, 7, 84947
What are the prime factors of 179128?
2, 22391
List the prime factors of 141937.
141937
What are the prime factors of 2801500?
2, 5, 13, 431
List the prime factors of 5539450.
2, 5, 7, 17, 19
What are the prime factors of 65708?
2, 16427
What are the prime factors of 1178234?
2, 577, 1021
What are the prime factors of 1252021?
1252021
List the prime factors of 789617.
37, 21341
What are the prime factors of 8732866?
2, 17, 113, 2273
What are the prime factors of 2282?
2, 7, 163
What are the prime factors of 321545?
5, 7, 9187
List the prime factors of 10019336.
2, 281, 4457
List the prime factors of 187451.
11, 17041
What are the prime factors of 236980?
2, 5, 17, 41
What are the prime factors of 886947?
3, 59, 5011
List the prime factors of 5616652.
2, 1404163
List the prime factors of 30584231.
30584231
What are the prime factors of 1714544?
2, 13, 8243
What are the prime factors of 202166?
2, 271, 373
What are the prime factors of 3014694?
2, 3, 167483
What are the prime factors of 532183?
532183
What are the prime factors of 465104?
2, 41, 709
What are the prime factors of 3363356?
2, 840839
What are the prime factors of 2460022?
2, 139, 8849
What are the prime factors of 3497836?
2, 874459
List the prime factors of 7722867.
3, 2574289
What are the prime factors of 32286712?
2, 4035839
List the prime factors of 25904548.
2, 6476137
What are the prime factors of 6480392?
2, 810049
What are the prime factors of 288976?
2, 18061
What are the prime factors of 93237?
3, 31079
What are the prime factors of 220411?
220411
What are the prime factors of 6386311?
37, 172603
What are the prime factors of 278823?
3, 92941
List the prime factors of 236156.
2, 43, 1373
What are the prime factors of 11171053?
83, 134591
What are the prime factors of 4589412?
2, 3, 19, 20129
What are the prime factors of 3135758?
2, 691, 2269
What are the prime factors of 969192?
2, 3, 7, 641
List the prime factors of 565899.
3, 188633
List the prime factors of 2251095.
3, 5, 7, 11, 1949
What are the prime factors of 25149151?
25149151
What are the prime factors of 158643?
3, 17627
What are the prime factors of 5087603?
5087603
List the prime factors of 1236223.
17, 72719
What are the prime factors of 2143291?
131, 16361
List the prime factors of 5592992.
2, 19, 9199
What are the prime factors of 11350914?
2, 3, 23, 83, 991
List the prime factors of 36063703.
13, 1213, 2287
What are the prime factors of 882951?
3, 294317
List the prime factors of 6051578.
2, 13, 232753
List the prime factors of 1163188.
2, 13, 22369
List the prime factors of 6807622.
2, 71, 191, 251
List the prime factors of 49086.
2, 3, 101
What are the prime factors of 1946666?
2, 973333
What are the prime factors of 2166643?
107, 20249
What are the prime factors of 22701418?
2, 11350709
What are the prime factors of 2026111?
17, 119183
What are the prime factors of 35006230?
2, 5, 7, 17, 23, 1279
What are the prime factors of 1558344?
2, 3, 29, 2239
List the prime factors of 1056641.
1056641
What are the prime factors of 2249169?
3, 13, 101, 571
List the prime factors of 724525.
5, 73, 397
List the prime factors of 15192658.
2, 13, 167, 3499
What are the prime fact